is k(-58)?
145
Let i(v) = -v**2 + 10475*v + 505110. Calculate i(-48).
6
Let c(j) = -525*j + 4924. What is c(10)?
-326
Let u(c) = -3*c**3 - 44*c**2 - 138*c + 166. Determine u(-9).
31
Let j(g) = g**3 + 58*g**2 + 252*g - 655. What is j(-53)?
34
Let d(v) = 13264*v - 106109. Give d(8).
3
Let s(t) = -32*t**2 - 11900*t - 10358. Calculate s(-371).
30
Let z(h) = -h**3 + 11*h**2 - 257*h + 4201. Determine z(14).
15
Let n(y) = y**3 + 9835*y**2 - 39353*y + 39. Calculate n(4).
51
Let q(k) = 2594*k - 33848. Determine q(13).
-126
Let g(v) = 104*v - 1611. Give g(10).
-571
Let w(k) = k**2 + 155*k + 447. What is w(-152)?
-9
Let b(t) = t**3 - 252*t**2 - 80845*t - 293. Calculate b(-185).
-293
Let n(t) = 151*t**3 + 2*t**2 + 754*t + 2258. Give n(-3).
-4063
Let z(q) = -25*q**2 - 9269*q - 7035. Give z(-370).
-5
Let o(a) = -253453*a - 253457. Give o(-1).
-4
Let y(i) = 6*i**2 + 1433*i + 5708. What is y(-4)?
72
Let g(l) = 327*l - 16635. Determine g(49).
-612
Let i(r) = 8*r**3 - 210*r**2 + 67*r - 111. What is i(26)?
279
Let z(d) = -145*d**2 + 13060*d - 890. What is z(90)?
10
Let d(b) = -31*b**2 + 8886*b + 30154. Determine d(290).
-6
Let a(u) = 46*u**3 - 10*u**2 + 42*u - 8. What is a(3)?
1270
Let o(j) = 2*j**3 - 5*j**2 - 731*j + 28. Determine o(-19).
-1606
Let h(j) = 7*j**3 + 21*j**2 - 19*j - 17. Calculate h(1).
-8
Let a(o) = -11160*o - 33166. Calculate a(-3).
314
Let n(z) = 4856*z - 6938. Calculate n(2).
2774
Let l(m) = m**2 - 119*m + 207. Calculate l(119).
207
Let d(n) = 62*n + 253. Determine d(-15).
-677
Let q(z) = z**2 + 704078*z - 4224490. What is q(6)?
14
Let q(d) = -17*d - 4127. Determine q(-243).
4
Let j(v) = -3*v**2 - 94*v - 179. What is j(-37)?
-808
Let q(m) = m**3 + 334*m**2 - 15468*m - 34879. Calculate q(-375).
-4
Let v(o) = -742*o - 5661. Give v(-8).
275
Let l(z) = -1960*z + 237159. What is l(121)?
-1
Let o(b) = 28298*b - 113154. Give o(4).
38
Let z(f) = -3*f**3 - 121*f + 12. Calculate z(5).
-968
Let d(c) = -12*c**2 + 3*c + 30. Calculate d(-5).
-285
Let y(k) = -12*k**2 + 1424*k + 1926. Calculate y(120).
6
Let g(u) = 3*u**2 - 1588*u + 11950. What is g(8)?
-562
Let v(s) = -2*s**2 - 105*s + 1372. Determine v(-62).
194
Let k(t) = -6*t**3 - 1306*t - 3912. Determine k(-3).
168
Let s(f) = -142710*f + 7420956. Calculate s(52).
36
Let f(d) = -539*d - 131632. Calculate f(-244).
-116
Let n(f) = -360*f**2 - 4329*f - 113. What is n(-12)?
-5
Let a(x) = 13*x**3 + 48*x**2 - 5*x - 35. Give a(-3).
61
Let q(x) = -127305*x - 8911325. What is q(-70)?
25
Let o(x) = 3*x**3 + 137*x**2 - 187*x - 11489. Calculate o(-45).
976
Let d(s) = -16*s**2 - 1249*s + 18. Calculate d(-78).
96
Let r(h) = h**3 + 145*h**2 - 4377*h + 11794. Calculate r(-171).
-5
Let q(g) = -g**3 - 71*g**2 + 2212*g - 78. Give q(23).
1072
Let u(h) = -h**3 + 159*h**2 + 321*h + 159. Determine u(161).
-2
Let l(v) = -2*v**3 - 229*v**2 - 544*v + 1785. Determine l(-112).
-7
Let o(n) = -3*n**2 - 293*n - 6907. Calculate o(-34).
-413
Let i(f) = 22*f**2 + 973*f - 11611. Determine i(-54).
-1
Let y(m) = -3541*m + 4628. What is y(2)?
-2454
Let z(h) = 158*h**2 - 58129*h - 5522. Determine z(368).
-2
Let u(p) = -p**2 + 482*p - 55931. Give u(197).
214
Let a(i) = -2*i**3 + 67*i**2 - 2020*i + 69808. Determine a(34).
-28
Let s(u) = -8*u**2 + 15*u + 9220. What is s(35)?
-55
Let f(p) = -95*p**2 - 102*p - 145. Give f(-4).
-1257
Let q(b) = -196*b - 1627. Give q(-8).
-59
Let g(m) = -46*m**2 - 686*m + 2814. Determine g(4).
-666
Let t(a) = 117*a - 5238. Give t(47).
261
Let o(f) = -33645*f - 336458. What is o(-10)?
-8
Let l(y) = -y**2 + 401*y - 16959. Give l(48).
-15
Let w(v) = 3*v**3 - 2412*v**2 + 408011*v + 250. What is w(242)?
8
Let b(d) = -6*d**2 - 21190*d + 106109. Calculate b(5).
9
Let g(p) = 2*p**3 + 294*p**2 - 596*p + 15. Calculate g(2).
15
Let w(n) = -2*n**2 - 216*n - 7263. Determine w(-91).
-4169
Let g(v) = 6*v**3 - 169*v**2 + 65*v - 427. Calculate g(28).
609
Let n(h) = 5734*h**2 + 45881*h + 76. What is n(-8)?
4
Let f(s) = -s**3 + 181*s**2 + 176*s + 1111. Calculate f(182).
19
Let t(n) = 4619*n + 138606. Give t(-30).
36
Let j(w) = -377*w + 17712. Calculate j(47).
-7
Let v(q) = q**3 + 180*q**2 + 1215*q - 356. Determine v(-173).
-1048
Let o(j) = j**3 + 19*j**2 + 430*j + 10898. Calculate o(-22).
-14
Let i(u) = 1380*u + 11478. Calculate i(-8).
438
Let w(a) = -728*a - 133982. Give w(-184).
-30
Let g(l) = 66*l**2 - 19*l - 40. Calculate g(0).
-40
Let z(j) = -j**3 - 71*j**2 + 40*j - 982. Determine z(-72).
1322
Let c(f) = -f**3 - 49*f**2 - 347*f + 169. What is c(-12)?
-995
Let t(d) = -290*d**2 - 19138*d + 33. Give t(-66).
-99
Let a(w) = w**3 + 174*w**2 + 181*w + 31889. Give a(-174).
395
Let w(b) = -136*b + 10053. Calculate w(74).
-11
Let k(f) = -f**3 + 136*f**2 - 1132*f - 1414. What is k(127)?
-17
Let d(r) = 2*r**2 + 351*r + 173. What is d(-175)?
-2
Let x(b) = 17*b**2 - 117*b + 80. What is x(5)?
-80
Let n(s) = 973*s - 33077. Determine n(34).
5
Let q(u) = 3704*u + 29638. Calculate q(-8).
6
Let x(d) = -2*d**2 - 70*d - 420. What is x(-9)?
48
Let m(v) = -v**2 + 123*v - 1030. Calculate m(106).
772
Let v(r) = 2*r**3 - 51*r**2 + 95*r + 1849. Give v(9).
31
Let c(b) = -3*b**2 - 416*b + 8105. Determine c(-156).
-7
Let z(f) = 2*f**2 + 142*f - 706. Determine z(-65).
-1486
Let b(a) = -11882*a - 344436. What is b(-29)?
142
Let w(v) = -434*v + 11174. What is w(15)?
4664
Let k(b) = -355*b**2 - 18*b + 33. Give k(1).
-340
Let n(a) = -2*a**2 + 2948*a + 152458. Determine n(-50).
58
Let p(u) = 2*u**2 + 14*u + 83. What is p(-9)?
119
Let n(j) = 991838*j - 5951038. What is n(6)?
-10
Let l(a) = -10*a**3 + 47*a**2 - 23*a + 11. Calculate l(3).
95
Let a(l) = 4625*l + 7590. Determine a(-2).
-1660
Let w(f) = 411*f + 39897. Determine w(-97).
30
Let z(x) = 46784*x - 327497. What is z(7)?
-9
Let a(y) = 420*y**2 + 16803*y - 70. Give a(-40).
-190
Let t(b) = b**3 - 586*b**2 + 574*b + 14. Give t(1).
3
Let g(x) = -22470*x - 292126. What is g(-13)?
-16
Let l(n) = -n**2 + 1670*n - 31362. Give l(19).
7
Let u(h) = -3*h**3 - 300*h**2 - 1694*h - 203. What is u(-94)?
-15
Let a(z) = 2128*z + 48718. Give a(-24).
-2354
Let h(d) = 79*d - 15363. Calculate h(198).
279
Let w(v) = 510*v**2 - 649*v - 7. Determine w(3).
2636
Let m(n) = -n**3 + 7*n**2 + 193*n - 1360. Give m(7).
-9
Let v(r) = 8555*r - 8210. Give v(1).
345
Let p(m) = -m**3 - 144*m**2 + 180*m - 38300. Give p(-147).
67
Let p(n) = 13*n**2 + 116*n - 8. Determine p(5).
897
Let x(o) = -4*o**3 - 17*o**2 - 39*o - 13. Calculate x(-4).
127
Let x(q) = -7*q**2 + 330*q + 629. Determine x(49).
-8
Let u(a) = 88*a**3 + 42*a**2 + 114*a + 107. Determine u(-2).
-657
Let f(a) = 404*a - 26. Give f(1).
378
Let h(f) = -f**3 + 94*f**2 + 106*f - 817. Calculate h(95).
228
Let g(z) = -z**2 - 1608*z + 64234. Give g(39).
1
Let z(f) = 1202*f**2 + 1200*f - 7. Determine z(-1).
-5
Let g(b) = 98*b + 1744. Give g(-17).
78
Let l(q) = 3474*q - 368226. Determine l(106).
18
Let x(d) = d**3 - 57*d**2 + 128*d - 830. Determine x(55).
160
Let h(j) = j**2 + 358*j - 31937. Determine h(74).
31
Let z(v) = 48386*v + 870957. Determine z(-18).
9
Let g(w) = -w**2 + 93*w + 713. What is g(-8)?
-95
Let s(x) = 680*x + 2664. Calculate s(-4).
-56
Let h(r) = -2*r**2 + 173*r - 1824. Calculate h(11).
-163
Let t(i) = 1495*i + 10390. Calculate t(-8).
-1570
Let o(b) = 90*b**2 - 6*b + 6. Determine o(-3).
834
Let f(c) = -2*c**3 + 26*c**2 - 8533*c + 102107. Give f(12).
-1
Let w(m) = 7*m**2 - 792*m - 14456. What is w(-16)?
8
Let n(z) = z**2 + 237*z - 32423. Determine n(97).
-25
Let f(c) = -c**3 - 29*c**2 + 705*c + 68. Calculate f(-45).
743
Let f(y) = -21*y**2 + 467*y - 2442. Determine f(16).
-346
Let t(x) = -200*x**3 + 34*x**2 - 31*x - 2. Determine t(1).
-199
Let w(d) = 128*d**2 - 794*d + 26. Determine w(6).
-130
Let d(i) = -5*i**2 + 704*i - 20387. What is d(100)?
13
Let s(d) = 616*d - 3528. What is s(5)?
-448
Let x(t) = t**3 + 44*t**2 + 71*t + 3504. Calculate x(-44).
380
Let q(j) = 76215*j + 16691078. What is q(-219)?
-7
Let c(q) = -1877513*q + 18775130. Determine c(10).
0
Let b(c) = -35409*c + 4567764. What is b(129)?
3
Let h(i) = -15*i**2 + 160*i + 580. Calculate h(14).
-120
Let a(f) = -4*f**2 + 1570*f - 11539. Give a(385).
11
Let k(f) = -725*f + 187795. What is k(259)?
20
Let t(a) = 133*a**2 + 518*a - 89. What is t(-4)?
-33
Let b(s) = 141*s - 1854. Determine b(31).
2517
Let i(h) = h**2 + 13*h - 